{"id":296,"date":"2022-12-22T12:40:03","date_gmt":"2022-12-22T12:40:03","guid":{"rendered":"http:\/\/fcindustrial.ro\/?page_id=296"},"modified":"2023-02-14T21:25:50","modified_gmt":"2023-02-14T21:25:50","slug":"tocatoare-de-dimensiuni-mici","status":"publish","type":"page","link":"http:\/\/fcindustrial.ro\/index.php\/tocatoare-de-dimensiuni-mici\/","title":{"rendered":"Toc\u0103toare de dimensiuni mici"},"content":{"rendered":"\n<p class=\"has-medium-font-size\"><strong>Toc\u0103toare de dimensiuni mici<\/strong><\/p>\n\n\n\n<p>Prima gam\u0103, cea mai c\u0103utat\u0103 \u0219i utilizat\u0103 este seria de toc\u0103toare de dimensiuni mici. Aceasta variaz\u0103 de la cea mai mic\u0103 capacitate orara 400kg\/or\u0103 p\u00e2n\u0103 la o capacitate medie. Este perfect\u0103 pentru centrele de colectare mici \u0219i mijlocii.<\/p>\n\n\n\n<p class=\"has-large-font-size\">MAC 400<\/p>\n\n\n\n<figure class=\"is-layout-flex wp-block-gallery-1 wp-block-gallery has-nested-images columns-4 is-cropped\">\n<figure class=\"wp-block-image size-large\"><a href=\"http:\/\/fcindustrial.ro\/wp-content\/uploads\/2023\/02\/1-1.png\"><img decoding=\"async\" data-id=\"722\"  src=\"http:\/\/fcindustrial.ro\/wp-content\/uploads\/2023\/02\/1-1.png\" alt=\"\" class=\"wp-image-722\"\/><\/a><\/figure>\n\n\n\n<figure class=\"wp-block-image size-large\"><a href=\"http:\/\/fcindustrial.ro\/wp-content\/uploads\/2023\/02\/2.png\"><img decoding=\"async\" data-id=\"721\"  src=\"http:\/\/fcindustrial.ro\/wp-content\/uploads\/2023\/02\/2.png\" alt=\"\" class=\"wp-image-721\"\/><\/a><\/figure>\n\n\n\n<figure class=\"wp-block-image size-large\"><a href=\"http:\/\/fcindustrial.ro\/wp-content\/uploads\/2023\/02\/3.png\"><img decoding=\"async\" data-id=\"723\"  src=\"http:\/\/fcindustrial.ro\/wp-content\/uploads\/2023\/02\/3.png\" alt=\"\" class=\"wp-image-723\"\/><\/a><\/figure>\n\n\n\n<figure class=\"wp-block-image size-large\"><a href=\"http:\/\/fcindustrial.ro\/wp-content\/uploads\/2023\/02\/4.png\"><img decoding=\"async\" data-id=\"725\"  src=\"http:\/\/fcindustrial.ro\/wp-content\/uploads\/2023\/02\/4.png\" alt=\"\" class=\"wp-image-725\"\/><\/a><\/figure>\n\n\n\n<figure class=\"wp-block-image size-large\"><a href=\"http:\/\/fcindustrial.ro\/wp-content\/uploads\/2023\/02\/5.png\"><img decoding=\"async\" data-id=\"726\"  src=\"http:\/\/fcindustrial.ro\/wp-content\/uploads\/2023\/02\/5.png\" alt=\"\" class=\"wp-image-726\"\/><\/a><\/figure>\n\n\n\n<figure class=\"wp-block-image size-large\"><a href=\"http:\/\/fcindustrial.ro\/wp-content\/uploads\/2023\/02\/6.png\"><img decoding=\"async\" data-id=\"724\"  src=\"http:\/\/fcindustrial.ro\/wp-content\/uploads\/2023\/02\/6.png\" alt=\"\" class=\"wp-image-724\"\/><\/a><\/figure>\n\n\n\n<figure class=\"wp-block-image size-large\"><a href=\"http:\/\/fcindustrial.ro\/wp-content\/uploads\/2023\/02\/7.png\"><img decoding=\"async\" data-id=\"727\"  src=\"http:\/\/fcindustrial.ro\/wp-content\/uploads\/2023\/02\/7.png\" alt=\"\" class=\"wp-image-727\"\/><\/a><\/figure>\n\n\n\n<figure class=\"wp-block-image size-large\"><a href=\"http:\/\/fcindustrial.ro\/wp-content\/uploads\/2023\/02\/8.png\"><img decoding=\"async\" data-id=\"728\"  src=\"http:\/\/fcindustrial.ro\/wp-content\/uploads\/2023\/02\/8.png\" alt=\"\" class=\"wp-image-728\"\/><\/a><\/figure>\n<\/figure>\n\n\n\n<p class=\"has-large-font-size\">MAC 600<\/p>\n\n\n\n<figure class=\"is-layout-flex wp-block-gallery-3 wp-block-gallery has-nested-images columns-4 is-cropped\">\n<figure class=\"wp-block-image size-large\"><a href=\"http:\/\/fcindustrial.ro\/wp-content\/uploads\/2023\/02\/1-2.png\"><img decoding=\"async\" data-id=\"730\"  src=\"http:\/\/fcindustrial.ro\/wp-content\/uploads\/2023\/02\/1-2.png\" alt=\"\" class=\"wp-image-730\"\/><\/a><\/figure>\n\n\n\n<figure class=\"wp-block-image size-large\"><a href=\"http:\/\/fcindustrial.ro\/wp-content\/uploads\/2023\/02\/2-1.png\"><img decoding=\"async\" data-id=\"733\"  src=\"http:\/\/fcindustrial.ro\/wp-content\/uploads\/2023\/02\/2-1.png\" alt=\"\" class=\"wp-image-733\"\/><\/a><\/figure>\n\n\n\n<figure class=\"wp-block-image size-large\"><a href=\"http:\/\/fcindustrial.ro\/wp-content\/uploads\/2023\/02\/3-1.png\"><img decoding=\"async\" data-id=\"732\"  src=\"http:\/\/fcindustrial.ro\/wp-content\/uploads\/2023\/02\/3-1.png\" alt=\"\" class=\"wp-image-732\"\/><\/a><\/figure>\n\n\n\n<figure class=\"wp-block-image size-large\"><a href=\"http:\/\/fcindustrial.ro\/wp-content\/uploads\/2023\/02\/4-1.png\"><img decoding=\"async\" data-id=\"731\"  src=\"http:\/\/fcindustrial.ro\/wp-content\/uploads\/2023\/02\/4-1.png\" alt=\"\" class=\"wp-image-731\"\/><\/a><\/figure>\n\n\n\n<figure class=\"wp-block-image size-large\"><a href=\"http:\/\/fcindustrial.ro\/wp-content\/uploads\/2023\/02\/5-1.png\"><img decoding=\"async\" data-id=\"735\"  src=\"http:\/\/fcindustrial.ro\/wp-content\/uploads\/2023\/02\/5-1.png\" alt=\"\" class=\"wp-image-735\"\/><\/a><\/figure>\n\n\n\n<figure class=\"wp-block-image size-large\"><a href=\"http:\/\/fcindustrial.ro\/wp-content\/uploads\/2023\/02\/6-1.png\"><img decoding=\"async\" data-id=\"734\"  src=\"http:\/\/fcindustrial.ro\/wp-content\/uploads\/2023\/02\/6-1.png\" alt=\"\" class=\"wp-image-734\"\/><\/a><\/figure>\n\n\n\n<figure class=\"wp-block-image size-large\"><a href=\"http:\/\/fcindustrial.ro\/wp-content\/uploads\/2023\/02\/7-1.png\"><img decoding=\"async\" data-id=\"741\"  src=\"http:\/\/fcindustrial.ro\/wp-content\/uploads\/2023\/02\/7-1.png\" alt=\"\" class=\"wp-image-741\"\/><\/a><\/figure>\n\n\n\n<figure class=\"wp-block-image size-large\"><a href=\"http:\/\/fcindustrial.ro\/wp-content\/uploads\/2023\/02\/8-1.png\"><img decoding=\"async\" data-id=\"739\"  src=\"http:\/\/fcindustrial.ro\/wp-content\/uploads\/2023\/02\/8-1.png\" alt=\"\" class=\"wp-image-739\"\/><\/a><\/figure>\n\n\n\n<figure class=\"wp-block-image size-large\"><a href=\"http:\/\/fcindustrial.ro\/wp-content\/uploads\/2023\/02\/9.png\"><img decoding=\"async\" data-id=\"738\"  src=\"http:\/\/fcindustrial.ro\/wp-content\/uploads\/2023\/02\/9.png\" alt=\"\" class=\"wp-image-738\"\/><\/a><\/figure>\n\n\n\n<figure class=\"wp-block-image size-large\"><a href=\"http:\/\/fcindustrial.ro\/wp-content\/uploads\/2023\/02\/10.png\"><img decoding=\"async\" data-id=\"740\"  src=\"http:\/\/fcindustrial.ro\/wp-content\/uploads\/2023\/02\/10.png\" alt=\"\" class=\"wp-image-740\"\/><\/a><\/figure>\n\n\n\n<figure class=\"wp-block-image size-large\"><a href=\"http:\/\/fcindustrial.ro\/wp-content\/uploads\/2023\/02\/11.png\"><img decoding=\"async\" data-id=\"737\"  src=\"http:\/\/fcindustrial.ro\/wp-content\/uploads\/2023\/02\/11.png\" alt=\"\" class=\"wp-image-737\"\/><\/a><\/figure>\n\n\n\n<figure class=\"wp-block-image size-large\"><a href=\"http:\/\/fcindustrial.ro\/wp-content\/uploads\/2023\/02\/12.png\"><img decoding=\"async\" data-id=\"736\"  src=\"http:\/\/fcindustrial.ro\/wp-content\/uploads\/2023\/02\/12.png\" alt=\"\" class=\"wp-image-736\"\/><\/a><\/figure>\n<\/figure>\n","protected":false},"excerpt":{"rendered":"<p>Toc\u0103toare de dimensiuni mici Prima gam\u0103, cea mai c\u0103utat\u0103 \u0219i utilizat\u0103 este seria de toc\u0103toare de dimensiuni mici. Aceasta variaz\u0103 de la cea mai mic\u0103 capacitate orara 400kg\/or\u0103 p\u00e2n\u0103 la o capacitate medie. Este perfect\u0103 pentru centrele de colectare mici \u0219i mijlocii. MAC 400 MAC 600<\/p>\n","protected":false},"author":1,"featured_media":0,"parent":0,"menu_order":0,"comment_status":"closed","ping_status":"closed","template":"","meta":{"_eb_attr":""},"yoast_head":"<!-- This site is optimized with the Yoast SEO plugin v20.1 - https:\/\/yoast.com\/wordpress\/plugins\/seo\/ -->\n<title>Toc\u0103toare de dimensiuni mici - FCIndustrial<\/title>\n<meta name=\"robots\" content=\"index, follow, max-snippet:-1, max-image-preview:large, max-video-preview:-1\" \/>\n<link rel=\"canonical\" href=\"http:\/\/fcindustrial.ro\/index.php\/tocatoare-de-dimensiuni-mici\/\" \/>\n<meta property=\"og:locale\" content=\"en_US\" \/>\n<meta property=\"og:type\" content=\"article\" \/>\n<meta property=\"og:title\" content=\"Toc\u0103toare de dimensiuni mici - FCIndustrial\" \/>\n<meta property=\"og:description\" content=\"Toc\u0103toare de dimensiuni mici Prima gam\u0103, cea mai c\u0103utat\u0103 \u0219i utilizat\u0103 este seria de toc\u0103toare de dimensiuni mici. Aceasta variaz\u0103 de la cea mai mic\u0103 capacitate orara 400kg\/or\u0103 p\u00e2n\u0103 la o capacitate medie. Este perfect\u0103 pentru centrele de colectare mici \u0219i mijlocii. MAC 400 MAC 600\" \/>\n<meta property=\"og:url\" content=\"http:\/\/fcindustrial.ro\/index.php\/tocatoare-de-dimensiuni-mici\/\" \/>\n<meta property=\"og:site_name\" content=\"FCIndustrial\" \/>\n<meta property=\"article:publisher\" content=\"https:\/\/www.facebook.com\/fcindustrialequipment\/\" \/>\n<meta property=\"article:modified_time\" content=\"2023-02-14T21:25:50+00:00\" \/>\n<meta property=\"og:image\" content=\"http:\/\/fcindustrial.ro\/wp-content\/uploads\/2023\/02\/1-1.png\" \/>\n<meta name=\"twitter:card\" content=\"summary_large_image\" \/>\n<script type=\"application\/ld+json\" class=\"yoast-schema-graph\">{\"@context\":\"https:\/\/schema.org\",\"@graph\":[{\"@type\":\"WebPage\",\"@id\":\"http:\/\/fcindustrial.ro\/index.php\/tocatoare-de-dimensiuni-mici\/\",\"url\":\"http:\/\/fcindustrial.ro\/index.php\/tocatoare-de-dimensiuni-mici\/\",\"name\":\"Toc\u0103toare de dimensiuni mici - FCIndustrial\",\"isPartOf\":{\"@id\":\"http:\/\/fcindustrial.ro\/#website\"},\"datePublished\":\"2022-12-22T12:40:03+00:00\",\"dateModified\":\"2023-02-14T21:25:50+00:00\",\"breadcrumb\":{\"@id\":\"http:\/\/fcindustrial.ro\/index.php\/tocatoare-de-dimensiuni-mici\/#breadcrumb\"},\"inLanguage\":\"en-US\",\"potentialAction\":[{\"@type\":\"ReadAction\",\"target\":[\"http:\/\/fcindustrial.ro\/index.php\/tocatoare-de-dimensiuni-mici\/\"]}]},{\"@type\":\"BreadcrumbList\",\"@id\":\"http:\/\/fcindustrial.ro\/index.php\/tocatoare-de-dimensiuni-mici\/#breadcrumb\",\"itemListElement\":[{\"@type\":\"ListItem\",\"position\":1,\"name\":\"Home\",\"item\":\"http:\/\/fcindustrial.ro\/\"},{\"@type\":\"ListItem\",\"position\":2,\"name\":\"Toc\u0103toare de dimensiuni mici\"}]},{\"@type\":\"WebSite\",\"@id\":\"http:\/\/fcindustrial.ro\/#website\",\"url\":\"http:\/\/fcindustrial.ro\/\",\"name\":\"FCIndustrial\",\"description\":\"\",\"publisher\":{\"@id\":\"http:\/\/fcindustrial.ro\/#organization\"},\"potentialAction\":[{\"@type\":\"SearchAction\",\"target\":{\"@type\":\"EntryPoint\",\"urlTemplate\":\"http:\/\/fcindustrial.ro\/?s={search_term_string}\"},\"query-input\":\"required name=search_term_string\"}],\"inLanguage\":\"en-US\"},{\"@type\":\"Organization\",\"@id\":\"http:\/\/fcindustrial.ro\/#organization\",\"name\":\"FCIndustrial\",\"url\":\"http:\/\/fcindustrial.ro\/\",\"logo\":{\"@type\":\"ImageObject\",\"inLanguage\":\"en-US\",\"@id\":\"http:\/\/fcindustrial.ro\/#\/schema\/logo\/image\/\",\"url\":\"http:\/\/fcindustrial.ro\/wp-content\/uploads\/2022\/12\/cropped-index_html_4314ab9edb7054f9-1.jpg\",\"contentUrl\":\"http:\/\/fcindustrial.ro\/wp-content\/uploads\/2022\/12\/cropped-index_html_4314ab9edb7054f9-1.jpg\",\"width\":1280,\"height\":409,\"caption\":\"FCIndustrial\"},\"image\":{\"@id\":\"http:\/\/fcindustrial.ro\/#\/schema\/logo\/image\/\"},\"sameAs\":[\"https:\/\/www.facebook.com\/fcindustrialequipment\/\"]}]}<\/script>\n<!-- \/ Yoast SEO plugin. -->","yoast_head_json":{"title":"Toc\u0103toare de dimensiuni mici - FCIndustrial","robots":{"index":"index","follow":"follow","max-snippet":"max-snippet:-1","max-image-preview":"max-image-preview:large","max-video-preview":"max-video-preview:-1"},"canonical":"http:\/\/fcindustrial.ro\/index.php\/tocatoare-de-dimensiuni-mici\/","og_locale":"en_US","og_type":"article","og_title":"Toc\u0103toare de dimensiuni mici - FCIndustrial","og_description":"Toc\u0103toare de dimensiuni mici Prima gam\u0103, cea mai c\u0103utat\u0103 \u0219i utilizat\u0103 este seria de toc\u0103toare de dimensiuni mici. Aceasta variaz\u0103 de la cea mai mic\u0103 capacitate orara 400kg\/or\u0103 p\u00e2n\u0103 la o capacitate medie. Este perfect\u0103 pentru centrele de colectare mici \u0219i mijlocii. MAC 400 MAC 600","og_url":"http:\/\/fcindustrial.ro\/index.php\/tocatoare-de-dimensiuni-mici\/","og_site_name":"FCIndustrial","article_publisher":"https:\/\/www.facebook.com\/fcindustrialequipment\/","article_modified_time":"2023-02-14T21:25:50+00:00","og_image":[{"url":"http:\/\/fcindustrial.ro\/wp-content\/uploads\/2023\/02\/1-1.png"}],"twitter_card":"summary_large_image","schema":{"@context":"https:\/\/schema.org","@graph":[{"@type":"WebPage","@id":"http:\/\/fcindustrial.ro\/index.php\/tocatoare-de-dimensiuni-mici\/","url":"http:\/\/fcindustrial.ro\/index.php\/tocatoare-de-dimensiuni-mici\/","name":"Toc\u0103toare de dimensiuni mici - FCIndustrial","isPartOf":{"@id":"http:\/\/fcindustrial.ro\/#website"},"datePublished":"2022-12-22T12:40:03+00:00","dateModified":"2023-02-14T21:25:50+00:00","breadcrumb":{"@id":"http:\/\/fcindustrial.ro\/index.php\/tocatoare-de-dimensiuni-mici\/#breadcrumb"},"inLanguage":"en-US","potentialAction":[{"@type":"ReadAction","target":["http:\/\/fcindustrial.ro\/index.php\/tocatoare-de-dimensiuni-mici\/"]}]},{"@type":"BreadcrumbList","@id":"http:\/\/fcindustrial.ro\/index.php\/tocatoare-de-dimensiuni-mici\/#breadcrumb","itemListElement":[{"@type":"ListItem","position":1,"name":"Home","item":"http:\/\/fcindustrial.ro\/"},{"@type":"ListItem","position":2,"name":"Toc\u0103toare de dimensiuni mici"}]},{"@type":"WebSite","@id":"http:\/\/fcindustrial.ro\/#website","url":"http:\/\/fcindustrial.ro\/","name":"FCIndustrial","description":"","publisher":{"@id":"http:\/\/fcindustrial.ro\/#organization"},"potentialAction":[{"@type":"SearchAction","target":{"@type":"EntryPoint","urlTemplate":"http:\/\/fcindustrial.ro\/?s={search_term_string}"},"query-input":"required name=search_term_string"}],"inLanguage":"en-US"},{"@type":"Organization","@id":"http:\/\/fcindustrial.ro\/#organization","name":"FCIndustrial","url":"http:\/\/fcindustrial.ro\/","logo":{"@type":"ImageObject","inLanguage":"en-US","@id":"http:\/\/fcindustrial.ro\/#\/schema\/logo\/image\/","url":"http:\/\/fcindustrial.ro\/wp-content\/uploads\/2022\/12\/cropped-index_html_4314ab9edb7054f9-1.jpg","contentUrl":"http:\/\/fcindustrial.ro\/wp-content\/uploads\/2022\/12\/cropped-index_html_4314ab9edb7054f9-1.jpg","width":1280,"height":409,"caption":"FCIndustrial"},"image":{"@id":"http:\/\/fcindustrial.ro\/#\/schema\/logo\/image\/"},"sameAs":["https:\/\/www.facebook.com\/fcindustrialequipment\/"]}]}},"_links":{"self":[{"href":"http:\/\/fcindustrial.ro\/index.php\/wp-json\/wp\/v2\/pages\/296"}],"collection":[{"href":"http:\/\/fcindustrial.ro\/index.php\/wp-json\/wp\/v2\/pages"}],"about":[{"href":"http:\/\/fcindustrial.ro\/index.php\/wp-json\/wp\/v2\/types\/page"}],"author":[{"embeddable":true,"href":"http:\/\/fcindustrial.ro\/index.php\/wp-json\/wp\/v2\/users\/1"}],"replies":[{"embeddable":true,"href":"http:\/\/fcindustrial.ro\/index.php\/wp-json\/wp\/v2\/comments?post=296"}],"version-history":[{"count":5,"href":"http:\/\/fcindustrial.ro\/index.php\/wp-json\/wp\/v2\/pages\/296\/revisions"}],"predecessor-version":[{"id":744,"href":"http:\/\/fcindustrial.ro\/index.php\/wp-json\/wp\/v2\/pages\/296\/revisions\/744"}],"wp:attachment":[{"href":"http:\/\/fcindustrial.ro\/index.php\/wp-json\/wp\/v2\/media?parent=296"}],"curies":[{"name":"wp","href":"https:\/\/api.w.org\/{rel}","templated":true}]}}